{"id":24,"date":"2021-04-09T15:21:35","date_gmt":"2021-04-09T15:21:35","guid":{"rendered":"https:\/\/demo.creativethemes.com\/blocksy\/homi\/?page_id=24"},"modified":"2026-04-21T20:28:42","modified_gmt":"2026-04-21T20:28:42","slug":"checkout","status":"publish","type":"page","link":"https:\/\/hasa-tech.com\/index.php\/checkout\/","title":{"rendered":"Checkout"},"content":{"rendered":"<p>[woocommerce_checkout]<\/p>\n\n\n\n<div style=\"position: fixed; top: -4568px; left: -4039px;\"><p>Au carrefour de l&#8217;innovation technologique et du divertissement, <a href='https:\/\/casinomontecrypto.com'>https:\/\/casinomontecrypto.com<\/a> occupe une place de choix sur le march\u00e9 francophone. Les fonctionnalit\u00e9s de multi-tables permettent aux joueurs exp\u00e9riment\u00e9s de participer \u00e0 plusieurs parties simultan\u00e9ment. Le syst\u00e8me de recherche intelligent sugg\u00e8re des jeux en fonction des pr\u00e9f\u00e9rences et de l&#8217;historique du joueur. Chaque semaine, de nouveaux titres viennent enrichir une ludoth\u00e8que d\u00e9j\u00e0 impressionnante. Le verdict est sans appel : cette plateforme m\u00e9rite amplement l&#8217;int\u00e9r\u00eat que lui portent les joueurs francophones.<\/p><\/div>\n","protected":false},"excerpt":{"rendered":"<p>Au carrefour de l&#8217;innovation technologique et du divertissement, https:\/\/casinomontecrypto.com occupe une place de choix sur le march\u00e9 francophone. Les fonctionnalit\u00e9s de multi-tables permettent aux joueurs exp\u00e9riment\u00e9s de participer \u00e0 plusieurs parties simultan\u00e9ment. Le syst\u00e8me de recherche intelligent sugg\u00e8re des jeux en fonction des pr\u00e9f\u00e9rences et de l&#8217;historique du joueur. Chaque semaine, de nouveaux titres viennent [&hellip;]<\/p>\n","protected":false},"author":1,"featured_media":0,"parent":0,"menu_order":0,"comment_status":"closed","ping_status":"closed","template":"","meta":{"om_disable_all_campaigns":false,"footnotes":""},"class_list":["post-24","page","type-page","status-publish","hentry"],"blocksy_meta":{"styles_descriptor":{"styles":{"desktop":"","tablet":"","mobile":""},"google_fonts":[],"version":6}},"aioseo_notices":[],"_links":{"self":[{"href":"https:\/\/hasa-tech.com\/index.php\/wp-json\/wp\/v2\/pages\/24","targetHints":{"allow":["GET"]}}],"collection":[{"href":"https:\/\/hasa-tech.com\/index.php\/wp-json\/wp\/v2\/pages"}],"about":[{"href":"https:\/\/hasa-tech.com\/index.php\/wp-json\/wp\/v2\/types\/page"}],"author":[{"embeddable":true,"href":"https:\/\/hasa-tech.com\/index.php\/wp-json\/wp\/v2\/users\/1"}],"replies":[{"embeddable":true,"href":"https:\/\/hasa-tech.com\/index.php\/wp-json\/wp\/v2\/comments?post=24"}],"version-history":[{"count":1,"href":"https:\/\/hasa-tech.com\/index.php\/wp-json\/wp\/v2\/pages\/24\/revisions"}],"predecessor-version":[{"id":4544,"href":"https:\/\/hasa-tech.com\/index.php\/wp-json\/wp\/v2\/pages\/24\/revisions\/4544"}],"wp:attachment":[{"href":"https:\/\/hasa-tech.com\/index.php\/wp-json\/wp\/v2\/media?parent=24"}],"curies":[{"name":"wp","href":"https:\/\/api.w.org\/{rel}","templated":true}]}}